 is divided by s.
17
Let d be (182/8 + -4)/(5/360). Suppose 22*o = 13*o + d. Calculate the remainder when o is divided by 19.
17
Suppose -2*j = 2*j - 32. Let p(w) = -2*w**3 - 19*w**2 + 29*w - 14. Calculate the remainder when p(-11) is divided by j.
6
Suppose 4*f - 3 = 3*g, 6*g + 28 = -f + g. Let v be f + (-2)/(-1) - -3. Suppose -4*p = 3*i - 111, 5*i + v = 7. Calculate the remainder when p is divided by 10.
7
Let p(z) = 6*z**3 + z + 1. What is the remainder when 181 is divided by p(2)?
28
Let j(c) = 4*c**2 + 46*c - 8. What is the remainder when 110 is divided by j(-12)?
14
Let t(g) = 34*g - 1006. What is the remainder when t(34) is divided by 82?
68
Suppose -12*k + 22*k - 360 = 0. What is the remainder when 286 is divided by k?
34
Suppose 5*i + q - 457 - 338 = 0, 4*q = 3*i - 500. What is the remainder when i is divided by 73?
14
Suppose 6*b = -4*b - 910. Let l = -74 - b. What is the remainder when 101 is divided by l?
16
Let g(p) = -2*p**2 + 19*p - 9. What is the remainder when 284 is divided by g(5)?
32
What is the remainder when (202 - 207) + 1*880 is divided by 18?
11
Let f(m) = 4*m**2 - 2*m + 3. Suppose 148*d = -j + 149*d + 164, -4*j = 2*d - 656. Calculate the remainder when j is divided by f(3).
32
Let x = -697 + 716. What is the remainder when 105 is divided by x?
10
What is the remainder when 736 is divided by 164/820 - (-1 + 1218/(-10))?
121
Suppose -3*z = -4*b - 66, -b - 3*b = -2*z + 48. Let f(t) = 29*t - 1297. Calculate the remainder when z is divided by f(45).
2
Let z = 9 + -1. Let s = z + 1. Let u(h) = 2*h**2 - 6*h - 30. What is the remainder when s is divided by u(6)?
3
Suppose 5*t - 50 = -5*w - 0*t, -90 = -5*w + 5*t. Calculate the remainder when 74 is divided by w.
4
Suppose -k = l + 29, -5*l + 3*k - 133 = 5*k. Let f = l + 30. Calculate the remainder when 15 is divided by f.
0
Suppose -5*k = -4*z + 1197, -2*k + 452 - 1355 = -3*z. Calculate the remainder when z is divided by 44.
39
Suppose z + 2*z - 3*y + 6 = 0, -5 = -5*y. Let m = 7 + z. Calculate the remainder when 16 is divided by m.
4
Let u = -10 - -24. Calculate the remainder when (1 - 2)/(1/(-27)) is divided by u.
13
Let l(h) = -h**2 + 15*h - 20. Let d = -1 - -6. Calculate the remainder when l(11) is divided by d.
4
Let d(q) = -30*q + 525. What is the remainder when d(16) is divided by 16?
13
Let y = -20 - -29. Let m(q) = 5*q + 8. Let v be m(-7). What is the remainder when v/45 - (2 + 176/(-10)) is divided by y?
6
Suppose -5*o = 45 - 89 - 36. Calculate the remainder when o is divided by (-10)/(-2) - (-1 + 0).
4
Calculate the remainder when 861 is divided by (27/(-27))/((-1)/108).
105
Let x = 11 + -8. Suppose 3*y - 3*f + 3 = 0, 7 = -x*y + 4*y + f. What is the remainder when -1 - -9 - 0*1/3 is divided by y?
2
Let k(u) = 4 - 4*u**3 + 3*u**3 + 3 - 5*u**2 - 2*u. Let o = -12062 + 12068. Calculate the remainder when k(-5) is divided by o.
5
Let q be 272/(-10) + (-7)/(-35). Let b = 33 + q. What is the remainder when 9 is divided by b?
3
Let i(b) = b**2 + 3*b - 88. Suppose -4*g + 34 - 2 = 0. Calculate the remainder when i(-12) is divided by g.
4
Suppose -6*k + k + 5 = -4*x, -2*x = 2*k - 2. Suppose 3*z = -z + 3*t + 70, x = 3*z - 4*t - 56. Calculate the remainder when 59 is divided by z.
11
Suppose 0 = 3*h + 2*h - 95. Suppose -1 = -4*r + h. What is the remainder when ((-31)/(-2) - 1) + (-6)/4 is divided by r?
3
Let p = 42 - 43. Calculate the remainder when (1 + p + 1)*59 is divided by 20.
19
Let p(w) be the second derivative of 1/2*w**3 - 6*w + 0 - 15/2*w**2 - 13/12*w**4 + 1/20*w**5. Calculate the remainder when 94 is divided by p(13).
22
Suppose 10 = 4*x - i, -4*x = -4*i - 7 - 9. Calculate the remainder when 70 is divided by 27 - (-3 - -4) - x.
22
Let i be -2*39/(-6) - 0. Let t = i + 5. What is the remainder when 50 is divided by t + (5 - 2) - 4?
16
Let r = 125 - 86. Calculate the remainder when 428 is divided by r.
38
Suppose -3*h - 2*h = 2*k - 14, 0 = 2*h - k - 11. Calculate the remainder when 73 is divided by h.
1
Let p = 4 + -2. Suppose 3*t - 3 - 104 = -p*v, -4*t = -3*v - 171. Suppose 2*r + 5*z = 0, r - 2*z = 6*r - 42. What is the remainder when t is divided by r?
9
Let n(t) = 27*t + 176. What is the remainder when 219 is divided by n(-6)?
9
Let x = 154 - -162. Suppose 13*c - x = 139. What is the remainder when c is divided by 12?
11
Let b be (5 - (3 + 1))*(-3 - -10). Calculate the remainder when 1/(-7) - (-176)/b is divided by 12.
1
Suppose 41*q - 53*q = -216. Calculate the remainder when 100 is divided by q.
10
Suppose 4*h = 2*i, -3*h - 2*h = 2*i. Suppose i = 3*w - 2*l - 286, -w - l - 96 = -2*w. Calculate the remainder when w is divided by 12.
10
Let j(y) = y**2 + 8*y + 8. Let c be j(-4). Suppose 4*q + 4 = 4*r, 2*q + 10 = r - 2*q. Calculate the remainder when r*(20/c - 1) is divided by 2.
1
Suppose -68*o = -61*o - 168. Calculate the remainder when o is divided by 4.
0
Let w be 20/(-6)*9/(-3). Suppose 3*u + 2*u - w = 0. Calculate the remainder when 4 is divided by u.
0
Let y = 44 - 30. Suppose 4*i - 86 = -2*f, 3*i - 3*f - 55 - y = 0. Calculate the remainder when -1 - -43*(-1 - -2) is divided by i.
20
Suppose 3*y = -5*a + 8, 3 + 5 = a - y. Suppose -5*j + a*f = -9, -3*f + 2 = 5*j - 0. What is the remainder when 2 is divided by j?
0
Suppose -79 = -22*n + 163. Let w(j) be the third derivative of -31*j**6/120 - j**3/6 + 2*j**2. What is the remainder when w(-1) is divided by n?
8
Let o(s) = -8*s**3 - s**2 - 4*s - 3. Let l(u) = -u - 1. Let j be l(-3). Suppose 0 = j*q + 2*q - 112. Calculate the remainder when q is divided by o(-1).
4
Let m(c) = 8*c**2 - 7*c - 4. Calculate the remainder when m(-5) is divided by 9.
6
Suppose -5*z + 325 = 3*q, q - 5*z - 99 = -4. Calculate the remainder when q is divided by 18.
15
Suppose 0 = -5*j + 5, 4*u + 2*j = j + 77. Calculate the remainder when (-1*(-1)/(-3))/((-13)/2067) is divided by u.
15
Let n be (-8)/(-28) + (-741)/21. Let q = -15 - n. What is the remainder when q is divided by -1*(-28)/(-2 + 6)?
6
Let b(m) be the first derivative of -5*m**2/2 - 9*m + 5. Calculate the remainder when 162 is divided by b(-10).
39
Suppose -18 = -3*h + 3*u, 5*u + 24 = -2*h + 64. Let d(s) = 5 - h*s - 5*s - s. What is the remainder when d(-3) is divided by 18?
17
Let v(t) = t**2 - 6*t + 11. Let h be v(5). Let o be 1*2/(h - 4). What is the remainder when 90 is divided by (161/14)/(o/2)?
21
Suppose 0 = -9*l + 5*l - 20. Let w = 8 - l. What is the remainder when 38 is divided by w?
12
Let a(q) = 9*q**2 + 2*q + 4. Let u be a(2). Suppose 2*o - u = -2. Calculate the remainder when 58 is divided by o.
16
Let v = -508 - -594. Calculate the remainder when 195 is divided by v.
23
Suppose -26*s = 20*s - 138. Calculate the remainder when 6 is divided by s.
0
Suppose -v - 20 = -6*v. What is the remainder when 5 is divided by -2 + 3 + v + -2?
2
Let l = 385 - 381. Calculate the remainder when 30 is divided by l.
2
Suppose -q - 16 = 9. Let y = -9 - q. What is the remainder when y is divided by 6?
4
Let v be ((-3)/2)/(8/32). Calculate the remainder when ((20/(-3))/(-5))/((-2)/(-27)) is divided by 56/(-12)*v/4.
4
Suppose 2*d - 4*h + 1 = 21, 4*d + 3*h - 7 = 0. Suppose -5*v + 28 = 5*s - 42, -5*v - 3*s + 78 = 0. What is the remainder when v is divided by d?
2
Calculate the remainder when 120 is divided by -3*(-11 + 8/2).
15
What is the remainder when 477*2/(24/(1 - -3)) is divided by 48?
15
What is the remainder when 5 + 62 - (-4)/4 is divided by 7?
5
Let x = 885 + -321. Calculate the remainder when x is divided by 5.
4
Let s = -1467 - -1529. What is the remainder when 247 is divided by s?
61
Suppose 0*n + 12 = -n - 3*l, -5*n - 5*l - 70 = 0. Let f = n - -24. What is the remainder when 23 is divided by f?
5
Let i = -2 - 10. Let l be (-3)/9 - 2704/i. Suppose a - 39 = -s, l = 9*a - 4*a - 5*s. Calculate the remainder when a is divided by 15.
12
Calculate the remainder when (96/8 - 13)*-25 is divided by 19.
6
Let c be (-396)/18*14/(-4). Let o = -59 + c. Calculate the remainder when 69 is divided by o.
15
Suppose -4*p = 4, -2*x + p = -0*p + 9. Let f(m) = -m**3 - 6*m**2 - 6*m - 1. Calculate the remainder when 13 is divided by f(x).
1
Let z(v) = -v**3 + 6*v**2 + 8*v + 1. What is the remainder when z(7) is divided by -1*((-6)/4 + 3/(-6))?
0
Let p be 19/(-152) + (-225)/(-8). Suppose p = q + q. Calc